of u?
9
Let t(i) = 41*i - 7 - 15 + 10*i**2 + 8*i**2 - 10 - 17*i**2. What is the thousands digit of t(28)?
1
Suppose 0*y - 3*y + 4*x + 1606 = 0, -y = -4*x - 546. Let o(n) = 1552*n - 4635. Let u be o(3). Suppose -u*p = -26*p + y. What is the units digit of p?
6
What is the thousands digit of ((-9)/(-45)*-5)/(3/(-24063))?
8
Let i(h) = 124*h**2 - 51*h + 16. Let t be i(-13). Suppose 16*q - 10829 = t. What is the thousands digit of q?
2
Suppose 7087 = 6*b - 1517. Suppose -4*i - b = -5*r - 434, 5*r - 5*i = 995. What is the tens digit of r?
0
Let z(o) = o**3 + 3*o**2 - 5*o + 17. Let k(t) = t**3 - 2*t**2 + t + 1. Let r(s) = -3*k(s) + z(s). Let c be r(7). Let j = c + 534. What is the tens digit of j?
4
Suppose -73*a = -201*a - 1024. Suppose 0 = 4*x - 2*m + 296, x + 2*x - 5*m = -236. Let p = a - x. What is the tens digit of p?
6
Let f be -4 + 8 - 20 - 4. Let k = f + -6. Let h = k + 52. What is the units digit of h?
6
Suppose -6*s - 9 = -9*s. Suppose 5*k = -3*f - 64, 5*f - 38 = -k + s*k. What is the tens digit of (-4)/k + 1935/63?
3
Let a(j) = 15*j - 89. Let l be a(6). What is the hundreds digit of l/2*(-88044)/(-66)?
6
Suppose -r + 0*r = -2. Suppose -r*v + 24 = 5*s, 0*s + 20 = 4*v + 3*s. Suppose 0 = 2*m + 4*u - 186, 2*u + v = 3*u. What is the tens digit of m?
8
Let x be ((-6)/(-9))/(2/18). What is the tens digit of -122*(9/x)/(-3)?
6
Suppose -2*u + 359 = 97. Suppose 5*i = h + 155, 2*i - i + u = -h. Let m = -58 - h. What is the tens digit of m?
7
Let m = 349 + -349. Suppose m = t - 2*t + 812. What is the tens digit of t?
1
What is the hundreds digit of (1 - (-58)/(-4))/((-59)/3894)?
8
Suppose -2*j = 2*s - 8, -s = -2 - 0. Suppose 0 = -4*o - j*o + 2160. Suppose 0 = g - m - 100, -5*g - 4*m + o = -g. What is the units digit of g?
5
Let f be (-10)/4*1*-2. Suppose -f*c = -1842 - 1103. Suppose -3*l - 2*h + 3*h = -367, 5*l = -4*h + c. What is the tens digit of l?
2
Let s(r) = 79*r**2 - 3*r - 4. Let l(b) = -b**3 - 5*b**2 - b - 2. Let v be l(-5). What is the tens digit of s(v)?
9
Suppose g - 14262 = -3688. What is the thousands digit of g?
0
Suppose 5*a - 45641 = 4*l + 25965, -a = 4*l - 14302. Suppose -28*w + 11582 = -a. What is the units digit of w?
5
Let c be -2*230*3/((-24)/(-16)). Let p = 1527 + c. What is the hundreds digit of p?
6
Suppose 0 = -a - 0*b + 3*b + 7, 3*a + 3*b - 33 = 0. What is the hundreds digit of (40480/12)/a - 6/(-9)?
3
Suppose 0 = -d - 3*g + 3301, 4*g = 5*d - d - 13284. What is the tens digit of d?
1
Suppose m - 10 = 77. Let b = 89 - m. Suppose -o - 242 = -5*k + 2*k, 5*k - 402 = b*o. What is the units digit of k?
2
What is the tens digit of ((-2)/4)/(1038303/519156 - 2)?
4
Let p(i) = -2. Let u(d) = -d - 10. Let v(z) = -11*p(z) + 2*u(z). Suppose -l + 29 = 31. What is the units digit of v(l)?
6
Suppose 28*r - 32*r + 312 = 0. Let w = 89 - r. Suppose -13*u = -w*u - 488. What is the units digit of u?
4
Let p be ((-28)/(-10))/(7/(32 + 3)). What is the tens digit of (p/(-3))/(2/(-126)*6)?
4
Suppose 2*i - 4 = -4*z, 0*z = 5*z - i - 19. Suppose -6*p = 6*p - 5*p. Suppose s + 4*m - 71 = p, 6*m = -s + z*m + 72. What is the units digit of s?
5
Let o(a) = a**3 - 6*a**2 + 7*a - 10. Suppose 2*y = 2*y - 5*y. Suppose y = -6*t + 52 - 4. What is the tens digit of o(t)?
7
Let y(q) = 4 + 16*q - 25*q**2 - 4 + q**3 + 7*q**2 + 8. Let b be y(17). What is the units digit of -16*(b/(-6))/(-3)?
8
Let h = 36 - -40. Suppose 0 = 5*f - 26 - 24. Suppose 6*n - h = -f. What is the tens digit of n?
1
Suppose -1087993 = -30*f + 107147. What is the thousands digit of f?
9
Suppose -4*p = -55 + 63. Let m be (p/(-5))/(3/7575). Suppose -m = -10*d - 0*d. What is the tens digit of d?
0
Let a(j) be the second derivative of 91*j**5/20 + j**4/12 - j**3/3 + j**2/2 - 36*j. What is the tens digit of a(1)?
9
What is the thousands digit of 1/1*1615 - 216/(-27)?
1
Let a = -131 + 133. Let w(k) = 89*k**2 - k - 3. What is the hundreds digit of w(a)?
3
What is the thousands digit of ((-84)/24 - -4)/((-1)/(-11058))?
5
What is the thousands digit of 10 + (-6757 - -5)/((-9)/18)?
3
Suppose -22*v - 136 = -24*v. Suppose -v*w + 3400 = -63*w. What is the tens digit of (-3)/(11 - 2) - w/(-6)?
1
What is the ten thousands digit of (3/(-40)*-10)/(3/166984)?
4
Let k = 49 + -42. Suppose 2*g + 720 = k*g. What is the units digit of (g/10)/(9/30)?
8
What is the tens digit of (3 + 41945/20)/(7/56)?
0
What is the ten thousands digit of (-5*4)/((-219)/3942*3/409)?
4
Let m = 28 - 25. Let i be (m*(-10)/8)/((-34)/16728). What is the units digit of i/(-30)*4/(-6)?
1
Let b be (5/(-10) - 1)*(-8872)/6. Suppose -613 + b = 5*w. What is the hundreds digit of w?
3
Let r = -242 + -97. Let f = r + 562. What is the hundreds digit of f?
2
Let t be ((-735)/(-20))/((-5)/60). Let p = -192 - t. What is the units digit of p?
9
Let u(i) = i**2 - 6*i + 5. Let b be u(5). Suppose 3*m + 753 = -b*m. What is the units digit of 5/((-30)/4) - m/3?
3
Suppose -15*c + 4*c + 33*c - 517484 = 0. What is the ten thousands digit of c?
2
Let u be ((-203)/2)/((-4)/8). Let g(a) = -a**3 - 16*a**2 - 38*a - 10. Let w be g(-12). Let t = w + u. What is the units digit of t?
3
Let a = 483 + 33. Suppose 4*j - a = j. Suppose 3*g + j = 5*g. What is the tens digit of g?
8
Let f = -350 - -607. Let y = -246 + f. What is the tens digit of y?
1
Let a = 97 + -93. Suppose 26 = -3*c + a*l, -5 = 5*c + 5*l - 4*l. What is the tens digit of 2513/21 - (-2)/(c + 8)?
2
Suppose -22*d = -19*d + 141. Let g = d - -410. What is the hundreds digit of g?
3
Let m = 9491 + 5375. What is the units digit of m?
6
Let r = -11586 - -30402. What is the thousands digit of r?
8
Let b(i) = 2789*i - 6048. What is the thousands digit of b(10)?
1
What is the ten thousands digit of (36/(-135)*5)/(22/(-1387353))?
8
Let t(b) = 2*b**3 + b**2 + b + 62. Let l = 72 - 73. Let x be 0/23*(-1)/(l/(-1)). What is the tens digit of t(x)?
6
Let u(l) = 41 + l**3 - 124*l - 12*l**2 - 126*l + l**3 + 257*l. What is the units digit of u(9)?
0
Suppose -42*r = -19*r - 46. What is the thousands digit of (-2126)/(-3)*(-87)/(-116)*r?
1
Let w = 33314 + -21544. What is the tens digit of w?
7
Let y(d) = -107*d + 97. Let k be y(-8). Suppose 5*i - 5*q - 4715 = 0, i - 4*q + 5*q - k = 0. What is the tens digit of i?
4
Let u = -1602 + 3740. Let a = u - 1213. What is the hundreds digit of a?
9
Let f = -130 + 132. Suppose 3*s - 1255 = -5*x, -f*s - 2*s = 4*x - 1668. What is the hundreds digit of s?
4
Suppose 9*f - 4*f = -10. What is the hundreds digit of (-5)/f + (-2150)/(-4)?
5
Let s(m) = 2*m**2 - 77*m - 62. Let g be s(39). Let d(w) = w**3 + 23*w**2 - w + 17. What is the tens digit of d(g)?
4
Let v = -8650 - -18860. What is the thousands digit of v?
0
Let f(n) = -462*n - 1482. What is the tens digit of f(-38)?
7
Let r = -54 - -59. Let g be 1*(-2)/r + (-2102)/(-5). Suppose s + g = 4*s. What is the units digit of s?
0
Suppose 7*c - 21 - 35 = 0. Suppose 0 = -6*w + c*w - 3124. What is the units digit of w?
2
Suppose -195*k - 93*k = -2372544. What is the thousands digit of k?
8
Suppose 2*r + 26658 = 3*n, -6636 = -n + 2*r + 2250. What is the thousands digit of n?
8
Suppose 142*k - 5354166 = -82*k + 111*k. What is the units digit of k?
2
Let m be ((-66)/44)/((-3)/(-2792))*1. Let w = m + 2441. What is the thousands digit of w?
1
Suppose 1992*c + 149028 = 2014*c. What is the hundreds digit of c?
7
Let l be 1 + 1 - (10 - 11). Suppose l*x + 90 = 75. Let f = 48 - x. What is the units digit of f?
3
Suppose -16 - 4 = -4*k. Suppose -4*o = -3*m - 296, m + 0*o - k*o + 106 = 0. Let g = 162 + m. What is the tens digit of g?
6
Let j = -243 + 248. Suppose 4*s + 1180 = 5*i, -i + j*i - 945 = 3*s. What is the units digit of i?
0
Let n = -14 + 57500. What is the tens digit of n?
8
Let n = -2 - -7. Let s(q) = -q**3 + 2*q**2 + 9*q. Let z be s(4). Suppose -2*b - 2*t = -40, 96 = n*b - z*t + 5*t. What is the units digit of b?
9
Let x be (11 + -8)*(-6)/9. Let w be -2*(-2 + (-1)/x). Suppose -5*u + 1110 = 5*d, -w*d = 3*u - 6*u + 666. What is the units digit of u?
2
Suppose -2*s - 4732 - 4358 = -5*r, 3*r = -s + 5454. Suppose -4*w + 4 = 0, 3*m + 5*w - 248 = r. What is the units digit of m?
7
Let m(q) = q**2 - 14*q - 118. Let t be m(20). Suppose -4*u - 2 = t, 0 = -o - 3*u + 1299. What is the thousands digit of o?
1
Let n(v) = v**3 + 21*v**2 - 39. Suppose -3*r + 4*h = 6